.
-13
Evaluate 0 - -2 - (8 - (-2 - (-14 + 28))).
-22
What is 18 - (0 - -4 - (8 + -14 + 5))?
13
What is -45 + 54 - (0 - 3)?
12
1 + -8 + 90 + -85
-2
Evaluate (10 + (4 - 4 - 5) - 2) + 8.
11
What is the value of -107 + 84 - (0 - 13)?
-10
Calculate 6 + (-19 - -4 - (-14 + 8)).
-3
Evaluate (17 - ((1 - 0) + -90 + 91)) + -9.
6
What is (10 - 9) + 5 - (-3 - 1)?
10
Calculate 3 + -16 + 16 + -7 - (1 - 15).
10
0 + 13 + (7 - 6) + 1
15
(-2 + -18 + 38 - -1) + -23
-4
What is 4 - (4 - (3 + 3 + 15 + -10))?
11
Evaluate 18 + -24 + (-3 - -18).
9
Calculate -6 + (-12 - -27 - 15).
-6
0 + 1 - (95 + -108)
14
Evaluate -10 + -10 + 5 + (7 - -2).
-6
What is the value of (4 - 1 - 1) + (-24 - (-36 + 24))?
-10
Evaluate 2 + (5 - 12) + 1 + (0 - -2).
-2
Evaluate -7 - (-7 + 6) - (0 - -3) - -4.
-5
Evaluate -10 + 5 - -5 - (-4 + 0).
4
Calculate 27 + -2 + -2 - (2 - (-1 + 11)).
31
Calculate 0 + 8 - (-39 - -52).
-5
Calculate (3 - -4) + (-51 - -35).
-9
-17 + -1 - (-36 - -43 - 13)
-12
Evaluate (10 - (15 - 25)) + -9.
11
Evaluate -4 + 19 - (-17 + (-4 - -3)).
33
Evaluate (-1 - -5) + (-2 - 1 - 0) + -2.
-1
Evaluate (-1 - 4) + (6 - (-42 + 16) - 10).
17
What is the value of -10 - (-43 - -24 - ((0 - 1) + -8))?
0
Evaluate -1 - ((0 - (-2 - -1)) + (-32 - -15)).
15
-5 + 1 + (-12 - (-25 - -6))
3
((3 - 1) + -42 + 50 - 6) + 17
21
Calculate -10 - (-12 - 5) - 25.
-18
What is the value of -12 - (-40 + 9 + 10) - (-3 + -1)?
13
What is (-2 - 13) + -35 + (142 - 62)?
30
What is the value of -33 + (17 - 19) - -45?
10
-21 - 2 - -33 - 30
-20
(-20 - -11 - 3) + 11
-1
What is -37 - (0 + (-11 + 16 - 5) + -5)?
-32
Calculate 5 + -17 + 2 - (-14 - 1 - 6).
11
What is 0 + 0 - ((-20 - 1) + 16) - 5?
0
Evaluate 35 + -25 + (-1 - 0) + 2.
11
Evaluate -12 - 6 - -13 - (0 + 8).
-13
Evaluate (60 - 56) + (-11 - 1) + (11 - 1).
2
What is 0 + 46 + (12 - (45 - 16))?
29
Calculate (-56 - -56) + -1 + 3.
2
Calculate 0 + 6 - (-2 + 3 + 1).
4
What is the value of (6 + 5 - 43) + 1 + 5 + 3?
-23
Evaluate -8 + 15 + (-3 - 1) + 4.
7
Evaluate 4 + (-4 - -6 - (-4 + 7 + -5)).
8
What is the value of (12 - 9 - -1) + -1?
3
What is the value of 28 + (-14 - -7) + -44?
-23
Calculate (33 - 12) + (-10 - -3) - -6.
20
Calculate -19 + -22 + 14 - -20.
-7
Evaluate -8 + 5 - (4 - 7 - -1).
-1
What is the value of -23 - (-16 - -3) - (-1 + 4)?
-13
(-1 - -2) + (13 + 4 - 8)
10
(-16 - -2) + ((-2 - -5) + 2 - 4)
-13
Evaluate -6 + 8 + 8 + -13.
-3
Calculate 15 - (12 + -2 + -9 + -10).
24
Calculate 4 - (2 + -12 + (20 - 2)).
-4
What is -4 + 2 + 108 + -107?
-1
What is the value of -1 + (-6 - (16 - 10))?
-13
What is 8 + -4 + (318 - 300)?
22
What is -7 - (-58 - -73 - (0 - -15))?
-7
0 + -10 + (1 - (-2 + -4))
-3
What is -15 + 21 + 7 - 27?
-14
What is the value of -638 + 615 - (-2 + -30)?
9
11 - (2 + 2 + -12 + 29 + -18)
8
Calculate 5 + 4 + (2 - (4 - 14)).
21
What is (6 - (6 + 1 - 9)) + -8?
0
11 - -6 - (74 + -62)
5
What is the value of -6 + (2 - 5) - (38 + -49)?
2
Evaluate -51 + 7 - (6 - 78).
28
Calculate -1072 + 1062 + (-6 - 0).
-16
What is the value of (-80 - -82) + (-4 - (3 + -2)) + 3?
0
What is the value of (40 - 40 - (6 + 2)) + 8?
0
Calculate 29 + -30 - (8 - (-4 + 3)).
-10
What is the value of 82 - 86 - -5 - (-1 + -11)?
13
What is -5 + -15 + 482 + -425?
37
What is -13 + (2 - -48 - 62 - (-12 + -1))?
-12
Calculate -12 - -22 - -4 - (2 - 2).
14
Calculate 5 - ((-23 - 11 - -13) + 6).
20
Calculate 145 + -177 + 4 + 50.
22
What is (-69 - -72) + (7 - (-6 - -5))?
11
Evaluate -18 + -19 + 5 + 12.
-20
Calculate 6 + -25 - (-56 + 36).
1
What is -13 + -4 - 16 - -14?
-19
What is the value of -1 - (0 - -2) - (115 - 115) - -7?
4
What is the value of 20 + 1 + -211 + 206?
16
22 - 11 - 4 - (-1 - 1)
9
What is (3 - -3) + (-19 - (2 + -19))?
4
Calculate 4 - (22 - (24 - 14)) - -11.
3
Evaluate 20 + -45 + 32 - (-16 - 2).
25
(4 - 8) + (24 - 16) - -1
5
Evaluate (5 - (-2 + 2 - 0)) + (-3 - 14).
-12
What is the value of -1 + -9 + 15 - (2 - 1) - -4?
8
What is the value of -7 + 1 + 3 + 11?
8
What is 15 + 0 - (-64 + 66)?
13
What is -27 + 48 - (-3 + (-2 - (-9 - 1)))?
16
-8 - 1 - (3 - (4 + 8 + -6))
-6
What is -18 + -8 + (5 - -20)?
-1
What is 3 - 1 - 13 - 9?
-20
Calculate 14 + (-18 + (9 - (12 - 10)) - -7).
10
Evaluate 64 + 6 + -30 - 72.
-32
Calculate -20 + 7 + -2 - (18 - (49 - 30)).
-14
Evaluate 588 + -603 - ((0 - -9) + 3).
-27
1 - ((-8 - 4) + 3)
10
What is the value of -7 + 0 + (-15 - 4)?
-26
What is the value of 1 - ((17 - 27) + 5)?
6
What is -187 + 191 + (2 - (1 - 4))?
9
Calculate -6 + (-20 - (3 + -17)).
-12
2 + (-1 - -1 - (15 + -24 - -22))
-11
What is 0 + 4 + 2 + (-18 - (11 + -24))?
1
13 + (29 + -20 - (8 + 1))
13
What is the value of 20 + (11 - (34 + -11))?
8
Calculate (0 - -9) + 10 + 0 + 10.
29
Calculate -6 + (4 + -1 + -7 - 0).
-10
27 - -1 - (-4 + 25)
7
What is (-4 - -2) + (-1 - 1) + -34 + 28?
-10
Calculate (19 + -60 - -18) + 20.
-3
What is 12 + -5 - -18 - 22?
3
What is (83 + -80 - (-1 + -1)) + -5 - -15?
15
(-1 - (-1 - 3)) + -282 + 289
10
10 + -27 - (-8 - 4)
-5
What is the value of -27 - (5 - 34 - -16) - (7 + 0)?
-21
Evaluate 348 + -378 - (-1 + -48).
19
9 - (2 - -1) - (7 + 2) - -13
10
Calculate (-3 - (46 - 61)) + -18 + -1.
-7
What is the value of 14 + -14 - -10 - 8?
2
(-33 - 6) + 8 + 15
-16
(-4 + 5 - -17) + -7
11
What is 2 + 1 + (-5 - 2) + (361 - 345)?
12
(-15 + 40 - 3) + -16
6
Calculate 1 + (15 - (17 - -7)).
-8
What is the value of 2 + (-2 - (3 + 2))?
-5
Calculate (-24 - 7) + 15 - -22.
6
Evaluate (-7 + -14 - -43) + -27.
-5
What is the value of (-23 - -13) + (5 + -9 - (-13 - 0))?
-1
Calculate (6 - (-4 - -6)) + (10 - 12).
2
Calculate 137 + -177 + (8 - 3).
-35
What is (9 - (-5 + 15)) + -6?
-7
Evaluate 4 + -4 - ((-6 - -7) + (-2 - -1)).
0
What is the value of (-2 - -15 - (-13 - -12)) + -7?
7
What is the value of -27 - 1 - -2 - (-135 + 124)?
-15
What is 7 + (10 - 13) + -2 + -15?
-13
What is the value of 6 + 0 - (55 - (10 + 1))?
-38
Evaluate -1 + -3 + (32 - 19) + -23.
-14
What is the value of 29 + (0 - 25 - 4)?
0
Calculate -195 + 177 + (-1 - -25).
6
Evaluate -14 + (-3 - (-10 + 5)).
-12
Evaluate (15 - (3 - -10)) + 11 + -15.
-2
What is -199 + 199 - (1 - 0)?
-1
Calculate 113 + -101 - (1 + 14).
-3
What is 11 + 3 + 36 + -58?
-8
(-964 - -962) + (0 + -1 + 19 - 2)
14
Evaluate 16 - 38 - (1 - 25).
2
What is the value of (-9 - 0) + (-12 - (-24 - 14))?
17
What is -17 + 5 + 13 - 1?
0
Calculate -9 - (8 - -1 - (151 - 145)).
-12
Calculate (7 + -8 + 0 - 8) + -1 + 1.
-9
(-1 - -7 - 0) + (39 - 27) + -5
13
Evaluate -4 + 0 - (-8 - (12 + -4 - 9)).
3
8 - (-12 + 50 + -8)
-22
What is the value of -5 + (7 + -1 + 1 - (311 + -303))?
-6
Calculate (-14 - -33) + -8 + -17.
-6
What is -7 + (18 - (9 - 7 - -4))?
5
(-5 - 2) + 18 - (-1 - -12)
0
Evaluate (-3 - 0) + 15 + -28 + -7.
-23
What is -6 + (6 - 2) + (-50 - -48)?
-4
What is -1 + 0 - -6 - 13 - -6?
-2
What is the value of -8 + -13 + 30 + 4 + -3?
10
Calculate 13 - 0 - (-33 + -38 + 66).
18
Evaluate 13 - (28 - (-45 + 34)).
-26
Evaluate (5 - 17) + 36 + -19 - (1 + 17).
-13
4 - 37 - (-14 - -3 - -7) - -4
-25
What is (0 - -9) + (-17 - -8) + 18 + -1?
17
-23 - (33 - (-43 + 87))
-12
What is (6 + -8 - 7) + 3?
-6
What is -15 - 7 - -25 - (-1 + -12)?
16
Evaluate 12 + 18 + -19 + 5.
16
What is -3 + 2 + 4 - ((7 - -9) + 12)?
-25
Calculate 0 + 10 + -25 + 34 - (-13 + 3).
29
-53 - (-40 + (7 - -3))
-23
Calculate 24 - -4 - (14 - 21).
35
Calculate 79 - 83 - (-2 - 14).
12
Calculate -12 + (-4 + -8 + 6 - -35).
17
Evaluate 1 + (23 - 26) + -26.
-28
-22 - -11 - (3 + 5 + (3 - 7))
-15
Calculate (2 + 13 - 1) + (289 - 297).
6
What is 0 - (7 + 2 + -2 + 3 + -3)?
-7
What is 13 - (-14 - (-16 + -1))?
10
-12 - ((-8 - -2) + 6 - (4 + 3))
-5
What is (-8 - 0 - 6) + 5 + -10?
-19
(2 - (1 - 0)) + (-13 - (12 - 16))
-8
(0 - 1 - -2) + -196 + 189 - -1
-5
(-18 + -13 - -49) + -43
-25
Calculate -5 + -26 + 13 + 9 - -17.
8
Calculate -7 - -6 - -3 - 15.
-13
Evaluate 1 + (-54 - -50) + 1 + -7.
-9
What is the value of 5 - (-3 + -14 + 6 + 11)?
5
Evaluate 23 + 1 - (-2 + (0 - -3) + 4).
19
What is (3 + -5 - 5) + 1 - -18 - 2?
10
Evaluate -7 + (1 - 7) + 14.
1
What is the value of -4 + (-25 - -14) + 9?
-6
Calculate -3 - (-14 + 8) - (-7 + -1 - 3).
14
What is -8 + -13 + 31 + -4?
6
What is the value of -11 + -29 + 15 + -13?
-38
5 + -1 + 11 + -1 + -14
0
Evaluate 6 - (11 - 21 - (-1 - 9)).
6
Calculate -1 + (13 - 16) - (-8 - 0).
4
3 - (7 + 2 + -5 + -11)
10
(-18 - -7) + (-1 - (-2 - 